{"id":4203,"date":"2025-03-18T11:40:00","date_gmt":"2025-03-18T11:40:00","guid":{"rendered":"https:\/\/sacaopos.com\/?page_id=4203"},"modified":"2025-03-18T12:08:48","modified_gmt":"2025-03-18T12:08:48","slug":"oposiciones-psicologia-aragon","status":"publish","type":"page","link":"https:\/\/sacaopos.com\/?page_id=4203","title":{"rendered":"Oposiciones Psicolog\u00eda en Arag\u00f3n"},"content":{"rendered":"<div class=\"wpb-content-wrapper\"><p>[vc_row][vc_column][vc_column_text css=\u00bb.vc_custom_1742296807748{padding-top: 20px !important;padding-bottom: 20px !important;}\u00bb]<\/p>\n<p data-sourcepos=\"5:1-5:225\">Si has llegado hasta aqu\u00ed es porque est\u00e1s buscando estabilidad laboral y mejores condiciones profesionales preparando tus oposiciones de psicolog\u00eda en Arag\u00f3n. Sabemos que opositar puede ser duro, especialmente cuando compaginas tu trabajo actual con horas y horas de estudio. En Sacaopos entendemos perfectamente esta situaci\u00f3n, por eso hemos dise\u00f1ado una <strong>preparaci\u00f3n flexible, actualizada y adaptada a tu ritmo de vida<\/strong>. Tanto si resides en Zaragoza como en cualquier otro rinc\u00f3n de Arag\u00f3n, nuestra academia te ofrece cursos espec\u00edficos con temarios permanentemente actualizados, simulacros reales de examen, y recursos pr\u00e1cticos para que optimices cada minuto invertido. Porque sabemos que tu tiempo vale oro y necesitas un enfoque realista que garantice resultados.<\/p>\n<p data-sourcepos=\"5:1-5:225\">En Sacaopos, vas a encontrar exactamente lo que buscas: cursos espec\u00edficos para las oposiciones de psicolog\u00eda en Arag\u00f3n, con modalidades online, para que puedas elegir c\u00f3mo, cu\u00e1ndo y desde d\u00f3nde estudiar. <strong>Nuestros temarios son cuidadosamente revisados por expertos<\/strong>, siempre alineados con las \u00faltimas convocatorias oficiales del Gobierno de Arag\u00f3n. Adem\u00e1s, ponemos a tu disposici\u00f3n simulacros de examen que replican exactamente lo que te encontrar\u00e1s en las pruebas reales, as\u00ed como asesoramiento personalizado para resolver todas tus dudas en tiempo r\u00e9cord. En definitiva, con nosotros encontrar\u00e1s todas las herramientas necesarias para dejar atr\u00e1s la incertidumbre laboral y conseguir esa plaza fija que tanto deseas. Con Sacaopos no solo te preparas, sino que avanzas con paso firme hacia tu objetivo.<\/p>\n<p>[\/vc_column_text][\/vc_column][\/vc_row][vc_row bg_type=\u00bbimage\u00bb parallax_style=\u00bbvcpb-hz-jquery\u00bb bg_image_new=\u00bbid^1611|url^https:\/\/sacaopos.com\/wp-content\/uploads\/2016\/02\/bg-mem.png|caption^null|alt^null|title^bg-mem|description^null\u00bb bg_image_size=\u00bbinitial\u00bb parallax_sense=\u00bb-40&#8243; bg_override=\u00bbex-full\u00bb type=\u00bbvc_default\u00bb css=\u00bb.vc_custom_1742298706728{padding-top: 50px !important;padding-bottom: 50px !important;background-color: #1c66a0 !important;}\u00bb][vc_column]<div id=\"ultimate-heading-827169e061e111269\" class=\"uvc-heading ult-adjust-bottom-margin ultimate-heading-827169e061e111269 uvc-8970  uvc-heading-default-font-sizes\" data-hspacer=\"no_spacer\"  data-halign=\"center\" style=\"text-align:center\"><div class=\"uvc-heading-spacer no_spacer\" style=\"top\"><\/div><div class=\"uvc-main-heading ult-responsive\"  data-ultimate-target='.uvc-heading.ultimate-heading-827169e061e111269 h2'  data-responsive-json-new='{\"font-size\":\"\",\"line-height\":\"\"}' ><h2 style=\"font-weight:bold;color:#ffffff;\">\u00bfEn qu\u00e9 Consisten las Oposiciones para Psic\u00f3logos en Arag\u00f3n?<\/h2><\/div><\/div>[\/vc_column][\/vc_row][vc_row css=\u00bb.vc_custom_1742298824305{padding-top: 50px !important;padding-bottom: 50px !important;}\u00bb][vc_column][vc_column_text css=\u00bb.vc_custom_1742297036612{padding-top: 0px !important;padding-bottom: 20px !important;}\u00bb]<\/p>\n<p data-pm-slice=\"1 1 []\">Las oposiciones psicolog\u00eda en Arag\u00f3n consisten en procesos selectivos convocados peri\u00f3dicamente por instituciones p\u00fablicas del Gobierno auton\u00f3mico y ayuntamientos, destinados a cubrir plazas de psic\u00f3logo en organismos oficiales. En Sacaopos, sabemos que tu objetivo principal es conseguir estabilidad laboral y condiciones \u00f3ptimas, por eso te <strong>ofrecemos una gu\u00eda completa para entender cada paso del proceso selectivo<\/strong>.<\/p>\n<p>Cada convocatoria implica diferentes fases como pruebas te\u00f3ricas, pr\u00e1cticas y entrevistas personales. Nuestro objetivo es claro: acompa\u00f1arte en la preparaci\u00f3n de tus oposiciones de psicolog\u00eda en Arag\u00f3n con el mejor enfoque posible, basado en experiencia real y resultados demostrados por nuestros alumnos.<\/p>\n<p>Te proporcionamos informaci\u00f3n actualizada sobre todas las convocatorias disponibles, sus requisitos espec\u00edficos, y c\u00f3mo afrontarlas exitosamente. Queremos reducir la incertidumbre y guiarte paso a paso hacia tu plaza fija.[\/vc_column_text][\/vc_column][\/vc_row][vc_row bg_type=\u00bbimage\u00bb parallax_style=\u00bbvcpb-hz-jquery\u00bb bg_image_new=\u00bbid^1611|url^https:\/\/sacaopos.com\/wp-content\/uploads\/2016\/02\/bg-mem.png|caption^null|alt^null|title^bg-mem|description^null\u00bb bg_image_size=\u00bbinitial\u00bb parallax_sense=\u00bb-40&#8243; bg_override=\u00bbex-full\u00bb type=\u00bbvc_default\u00bb css=\u00bb.vc_custom_1742298732048{padding-top: 50px !important;padding-bottom: 50px !important;background-color: #1c66a0 !important;}\u00bb][vc_column]<div id=\"ultimate-heading-361169e061e1112dd\" class=\"uvc-heading ult-adjust-bottom-margin ultimate-heading-361169e061e1112dd uvc-5765  uvc-heading-default-font-sizes\" data-hspacer=\"no_spacer\"  data-halign=\"center\" style=\"text-align:center\"><div class=\"uvc-heading-spacer no_spacer\" style=\"top\"><\/div><div class=\"uvc-main-heading ult-responsive\"  data-ultimate-target='.uvc-heading.ultimate-heading-361169e061e1112dd h2'  data-responsive-json-new='{\"font-size\":\"\",\"line-height\":\"\"}' ><h2 style=\"font-weight:bold;color:#ffffff;\">Temario Actualizado y Requisitos para Opositar en Psicolog\u00eda<\/h2><\/div><\/div>[\/vc_column][\/vc_row][vc_row css=\u00bb.vc_custom_1742298836361{padding-top: 50px !important;padding-bottom: 50px !important;}\u00bb][vc_column][vc_column_text css=\u00bb.vc_custom_1742297184529{padding-top: 0px !important;padding-bottom: 20px !important;}\u00bb]<\/p>\n<p data-pm-slice=\"1 1 []\">Para destacar en las oposiciones de psicolog\u00eda en Arag\u00f3n, necesitas tener acceso a material actualizado y acorde con las \u00faltimas convocatorias oficiales. En Sacaopos, ponemos a tu disposici\u00f3n un completo <strong>temario de oposiciones a psicolog\u00eda en Arag\u00f3n<\/strong> cuidadosamente revisado por nuestro equipo docente, expertos en el sector p\u00fablico y conocedores de primera mano del sistema de selecci\u00f3n.<\/p>\n<p>Adem\u00e1s del contenido tem\u00e1tico, te ofrecemos recursos complementarios como tests en l\u00ednea y esquemas conceptuales para facilitar tu aprendizaje aut\u00f3nomo. Nuestro objetivo es que aproveches cada minuto invertido en estudio, optimizando tu preparaci\u00f3n con herramientas que aseguren tu \u00e9xito.<\/p>\n<p>Los requisitos para presentarte incluyen, generalmente, ser Licenciado o Graduado en Psicolog\u00eda, poseer la nacionalidad espa\u00f1ola o europea, y cumplir ciertos requisitos administrativos espec\u00edficos para cada convocatoria. Desde nuestra academia te asesoramos personalmente para confirmar que cumples todos los requisitos antes de iniciar tu proceso de estudio.[\/vc_column_text]<div id=\"ultimate-heading-71169e061e111328\" class=\"uvc-heading ult-adjust-bottom-margin ultimate-heading-71169e061e111328 uvc-8426  uvc-heading-default-font-sizes\" data-hspacer=\"no_spacer\"  data-halign=\"center\" style=\"text-align:center\"><div class=\"uvc-heading-spacer no_spacer\" style=\"top\"><\/div><div class=\"uvc-main-heading ult-responsive\"  data-ultimate-target='.uvc-heading.ultimate-heading-71169e061e111328 h2'  data-responsive-json-new='{\"font-size\":\"\",\"line-height\":\"\"}' ><h2 style=\"--font-weight:theme;margin-bottom:50px;\">Preparadora de Oposiciones para Psic\u00f3logos en Arag\u00f3n<\/h2><\/div><\/div>[vc_column_text css=\u00bb\u00bb]<\/p>\n<p data-pm-slice=\"1 1 []\">Nos diferenciamos porque no somos una academia, somos una preparadora de oposiciones especializada y enfocada exclusivamente en tu \u00e9xito profesional. Contamos con metodolog\u00edas \u00fanicas dise\u00f1adas espec\u00edficamente para opositores como t\u00fa, impartiendo formaci\u00f3n online para ajustarnos a tu disponibilidad.<\/p>\n<p>Nuestra academia se destaca por ofrecer una amplia variedad de recursos para opositores, incluyendo temarios actualizados, tests en l\u00ednea y cursos especializados. Adem\u00e1s, brindamos asesoramiento personalizado, acompa\u00f1\u00e1ndote de forma constante desde que comienzas tu preparaci\u00f3n hasta el d\u00eda del examen.<\/p>\n<p>El equipo de profesionales que compone nuestra academia posee amplia experiencia en el sector p\u00fablico. Esto nos permite ofrecerte no solo formaci\u00f3n te\u00f3rica, sino estrategias efectivas y pr\u00e1cticas, ayud\u00e1ndote a superar las pruebas selectivas con seguridad y confianza.[\/vc_column_text][\/vc_column][\/vc_row][vc_row bg_type=\u00bbimage\u00bb parallax_style=\u00bbvcpb-hz-jquery\u00bb bg_image_new=\u00bbid^1611|url^https:\/\/sacaopos.com\/wp-content\/uploads\/2016\/02\/bg-mem.png|caption^null|alt^null|title^bg-mem|description^null\u00bb bg_image_size=\u00bbinitial\u00bb parallax_sense=\u00bb-40&#8243; bg_override=\u00bbex-full\u00bb type=\u00bbvc_default\u00bb css=\u00bb.vc_custom_1742298741193{padding-top: 50px !important;padding-bottom: 50px !important;background-color: #1c66a0 !important;}\u00bb][vc_column]<div id=\"ultimate-heading-485169e061e11136c\" class=\"uvc-heading ult-adjust-bottom-margin ultimate-heading-485169e061e11136c uvc-4005  uvc-heading-default-font-sizes\" data-hspacer=\"no_spacer\"  data-halign=\"center\" style=\"text-align:center\"><div class=\"uvc-heading-spacer no_spacer\" style=\"top\"><\/div><div class=\"uvc-main-heading ult-responsive\"  data-ultimate-target='.uvc-heading.ultimate-heading-485169e061e11136c h2'  data-responsive-json-new='{\"font-size\":\"\",\"line-height\":\"\"}' ><h2 style=\"font-weight:bold;color:#ffffff;\">\u00bfPor qu\u00e9 Elegirnos para Preparar tus Oposiciones en Psicolog\u00eda?<\/h2><\/div><\/div>[vc_column_text css=\u00bb\u00bb]<\/p>\n<p style=\"color: white;\" data-pm-slice=\"1 1 []\"><strong>Llevamos a\u00f1os acompa\u00f1ando con \u00e9xito a opositores hacia sus objetivos<\/strong>. Nuestra experiencia, metodolog\u00edas exclusivas, y resultados comprobados por nuestros alumnos nos avalan como la opci\u00f3n preferente para tus cursos de psicolog\u00eda para oposiciones en Arag\u00f3n.<\/p>\n<p style=\"color: white;\">Sabemos la importancia de la flexibilidad horaria para opositores como t\u00fa que compaginan trabajo y estudio. Por eso, te ofrecemos cursos online, adapt\u00e1ndonos totalmente a tus circunstancias personales y laborales.<\/p>\n<p style=\"color: white;\">Adem\u00e1s, nuestro equipo docente est\u00e1 compuesto por profesionales expertos en oposiciones, capaces de ofrecerte asesor\u00eda personalizada, feedback continuo y estrategias eficaces para maximizar tu rendimiento durante toda tu preparaci\u00f3n.<\/p>\n<p>[\/vc_column_text][\/vc_column][\/vc_row][vc_row css=\u00bb.vc_custom_1742298849233{padding-top: 50px !important;padding-bottom: 50px !important;}\u00bb][vc_column][vc_column_text css=\u00bb.vc_custom_1742297956524{padding-top: 0px !important;padding-bottom: 20px !important;}\u00bb]<\/p>\n<h3 data-pm-slice=\"1 1 []\">Metodolog\u00eda \u00danica de Preparaci\u00f3n para las Oposiciones<\/h3>\n<p>Nuestra metodolog\u00eda \u00fanica para la <strong>preparaci\u00f3n de oposiciones de psicolog\u00eda en Arag\u00f3n<\/strong> integra t\u00e9cnicas innovadoras y pr\u00e1cticas, facilitando el aprendizaje mediante recursos adaptados a las necesidades espec\u00edficas del examen.<\/p>\n<h3>Simulacros de Examen: Aumenta tus Posibilidades de \u00c9xito<\/h3>\n<p>En Sacaopos realizamos simulacros constantes para que domines las pruebas reales desde mucho antes del d\u00eda del examen, aumentando as\u00ed tu confianza y seguridad.<\/p>\n<h3>Clases Online para Psic\u00f3logos en Arag\u00f3n<\/h3>\n<p>La modalidad online de nuestras clases te permite elegir la opci\u00f3n que mejor se adapta a ti, garantizando siempre la misma calidad formativa desde cualquier ubicaci\u00f3n.[\/vc_column_text][\/vc_column][\/vc_row][vc_row bg_type=\u00bbimage\u00bb parallax_style=\u00bbvcpb-hz-jquery\u00bb bg_image_new=\u00bbid^1611|url^https:\/\/sacaopos.com\/wp-content\/uploads\/2016\/02\/bg-mem.png|caption^null|alt^null|title^bg-mem|description^null\u00bb bg_image_size=\u00bbinitial\u00bb parallax_sense=\u00bb40&#8243; bg_override=\u00bbex-full\u00bb type=\u00bbvc_default\u00bb css=\u00bb.vc_custom_1563374384013{padding-top: 70px !important;padding-bottom: 75px !important;background-color: #1c66a0 !important;}\u00bb][vc_column width=\u00bb5\/6&#8243; offset=\u00bbvc_col-lg-offset-2 vc_col-lg-8 vc_col-md-offset-1 vc_col-md-10 vc_col-sm-offset-1&#8243;]<div id=\"ultimate-heading-224769e061e1113bc\" class=\"uvc-heading ult-adjust-bottom-margin ultimate-heading-224769e061e1113bc uvc-6823 \" data-hspacer=\"no_spacer\"  data-halign=\"center\" style=\"text-align:center\"><div class=\"uvc-heading-spacer no_spacer\" style=\"top\"><\/div><div class=\"uvc-main-heading ult-responsive\"  data-ultimate-target='.uvc-heading.ultimate-heading-224769e061e1113bc h2'  data-responsive-json-new='{\"font-size\":\"desktop:24px;\",\"line-height\":\"desktop:34px;\"}' ><h2 style=\"font-weight:bold;color:#f1cc00;margin-bottom:20px;\">SOMOS SACAOPOS<\/h2><\/div><div class=\"uvc-sub-heading ult-responsive\"  data-ultimate-target='.uvc-heading.ultimate-heading-224769e061e1113bc .uvc-sub-heading '  data-responsive-json-new='{\"font-size\":\"desktop:50px;mobile_landscape:30px;\",\"line-height\":\"desktop:60px;mobile_landscape:40px;\"}'  style=\"font-weight:bold;color:#ffffff;margin-bottom:40px;\">\u00bfQuieres ser funcionario?<br \/>\nTe ayudamos a conseguirlo.<\/div><\/div><style type=\"text\/css\" data-type=\"the7_shortcodes-inline-css\">#default-btn-7e370fbcc960663a3248cd04cc54d0bb.ico-right-side > i {\n  margin-right: 0px;\n  margin-left: 8px;\n}\n#default-btn-7e370fbcc960663a3248cd04cc54d0bb > i {\n  margin-right: 8px;\n}<\/style><div class=\"btn-align-center\"><a href=\"\/contacta\/\" class=\"default-btn-shortcode dt-btn dt-btn-l link-hover-off  vc_custom_1686589876549\" id=\"default-btn-7e370fbcc960663a3248cd04cc54d0bb\" title=\"Contacta\"><span>CONTACTA<\/span><\/a><\/div>[\/vc_column][\/vc_row]<\/p>\n<\/div>","protected":false},"excerpt":{"rendered":"<p>[vc_row][vc_column][vc_column_text css=\u00bb.vc_custom_1742296807748{padding-top: 20px !important;padding-bottom: 20px !important;}\u00bb] Si has llegado hasta aqu\u00ed es porque est\u00e1s buscando estabilidad laboral y mejores condiciones profesionales preparando tus oposiciones de psicolog\u00eda en Arag\u00f3n. Sabemos que opositar puede ser duro, especialmente cuando compaginas tu trabajo actual con horas y horas de estudio. En Sacaopos entendemos perfectamente esta situaci\u00f3n, por eso hemos&hellip;<\/p>\n","protected":false},"author":116,"featured_media":0,"parent":0,"menu_order":0,"comment_status":"closed","ping_status":"closed","template":"","meta":{"_acf_changed":false,"footnotes":""},"class_list":["post-4203","page","type-page","status-publish","hentry","description-off"],"acf":[],"_links":{"self":[{"href":"https:\/\/sacaopos.com\/index.php?rest_route=\/wp\/v2\/pages\/4203","targetHints":{"allow":["GET"]}}],"collection":[{"href":"https:\/\/sacaopos.com\/index.php?rest_route=\/wp\/v2\/pages"}],"about":[{"href":"https:\/\/sacaopos.com\/index.php?rest_route=\/wp\/v2\/types\/page"}],"author":[{"embeddable":true,"href":"https:\/\/sacaopos.com\/index.php?rest_route=\/wp\/v2\/users\/116"}],"replies":[{"embeddable":true,"href":"https:\/\/sacaopos.com\/index.php?rest_route=%2Fwp%2Fv2%2Fcomments&post=4203"}],"version-history":[{"count":0,"href":"https:\/\/sacaopos.com\/index.php?rest_route=\/wp\/v2\/pages\/4203\/revisions"}],"wp:attachment":[{"href":"https:\/\/sacaopos.com\/index.php?rest_route=%2Fwp%2Fv2%2Fmedia&parent=4203"}],"curies":[{"name":"wp","href":"https:\/\/api.w.org\/{rel}","templated":true}]}}